{"id":334,"date":"2009-07-28T13:39:12","date_gmt":"2009-07-28T11:39:12","guid":{"rendered":"http:\/\/www.allebrodt.net\/index.php\/skulpturenpark-koln-juli-%c2%b409\/"},"modified":"2011-03-16T16:45:41","modified_gmt":"2011-03-16T15:45:41","slug":"skulpturenpark-koln-juli-2009","status":"publish","type":"page","link":"https:\/\/www.allebrodt.net\/index.php\/links-auf-meine-alben\/skulpturenpark-koln-juli-2009\/","title":{"rendered":"Skulpturenpark K\u00f6ln Juli &#8217;09"},"content":{"rendered":"<p>Hier ein paar Eindr\u00fccke von einem Spaziergang durch den K\u00f6lner Skulpturenpark <a target=\"_blank\" href=\"http:\/\/www.skulpturenparkkoeln.de\">(http:\/\/www.skulpturenparkkoeln.de<\/a>). Diese Location ist \u00fcbrigens ein Tip f\u00fcr \u00fcbende Hobbyfotographen, wie ich es bin&#8230;<\/p>\nngg_shortcode_0_placeholder\n","protected":false},"excerpt":{"rendered":"<p>Hier ein paar Eindr\u00fccke von einem Spaziergang durch den K\u00f6lner Skulpturenpark (http:\/\/www.skulpturenparkkoeln.de). Diese Location ist \u00fcbrigens ein Tip f\u00fcr \u00fcbende Hobbyfotographen, wie ich es bin&#8230;<\/p>\n","protected":false},"author":1,"featured_media":0,"parent":7,"menu_order":80,"comment_status":"open","ping_status":"open","template":"","meta":{"ngg_post_thumbnail":0,"footnotes":""},"class_list":["post-334","page","type-page","status-publish","hentry"],"post_mailing_queue_ids":[],"_links":{"self":[{"href":"https:\/\/www.allebrodt.net\/index.php\/wp-json\/wp\/v2\/pages\/334","targetHints":{"allow":["GET"]}}],"collection":[{"href":"https:\/\/www.allebrodt.net\/index.php\/wp-json\/wp\/v2\/pages"}],"about":[{"href":"https:\/\/www.allebrodt.net\/index.php\/wp-json\/wp\/v2\/types\/page"}],"author":[{"embeddable":true,"href":"https:\/\/www.allebrodt.net\/index.php\/wp-json\/wp\/v2\/users\/1"}],"replies":[{"embeddable":true,"href":"https:\/\/www.allebrodt.net\/index.php\/wp-json\/wp\/v2\/comments?post=334"}],"version-history":[{"count":7,"href":"https:\/\/www.allebrodt.net\/index.php\/wp-json\/wp\/v2\/pages\/334\/revisions"}],"predecessor-version":[{"id":336,"href":"https:\/\/www.allebrodt.net\/index.php\/wp-json\/wp\/v2\/pages\/334\/revisions\/336"}],"up":[{"embeddable":true,"href":"https:\/\/www.allebrodt.net\/index.php\/wp-json\/wp\/v2\/pages\/7"}],"wp:attachment":[{"href":"https:\/\/www.allebrodt.net\/index.php\/wp-json\/wp\/v2\/media?parent=334"}],"curies":[{"name":"wp","href":"https:\/\/api.w.org\/{rel}","templated":true}]}}